Let u = -6 - -6. Let q(p) = 3*p - 11. Let g be q(5). Suppose u = g*y - 323 - 65. What are the prime factors of y?
97
Suppose -27*t + 67129 = 3*o - 22*t, 2*t = 3*o - 67178. What are the prime factors of o?
2, 29, 193
Suppose -16*n - 29*n + 6527 + 27538 = 0. What are the prime factors of n?
757
Let h = 1 + -1. Let x(r) = -r**2 + h*r - 2 + 20*r + 14. List the prime factors of x(19).
31
List the prime factors of -12 - -14 - 28976*(-3)/3.
2, 14489
Let z(w) = -w**3 + w**2 + 4*w + 4. Let m be z(-2). Let d be 3/(2/(-7)*6/m). What are the prime factors of (-4)/d + 566*(-8)/(-28)?
2, 3
Suppose -429979 = 41*u - 50*u - 89743. What are the prime factors of u?
2, 13, 727
Let j(q) be the first derivative of 1/2*q**2 - q + 11 + 4/3*q**3. List the prime factors of j(-1).
2
Let z(p) = -192*p + 100*p - 42*p - 184*p + 3 - 19*p. List the prime factors of z(-5).
2, 211
Suppose 21*u = -100*u + 484. List the prime factors of u.
2
Suppose 311*z - 315*z - 4*y = -61640, 61632 = 4*z + 3*y. List the prime factors of z.
2, 3, 17, 151
Let l be (-13569)/(-8) - (-5 - (-287)/56). Suppose k = 3*k - l. List the prime factors of k.
2, 53
Suppose 0 = -2*l - h + 197 + 89, -2*l + 302 = 5*h. Suppose t - 2*s = -83, 0 = 4*t - 2*s + 105 + 251. Let v = t + l. What are the prime factors of v?
2, 5
Let u(c) = -49*c + 3637. What are the prime factors of u(13)?
2, 3, 5
Suppose r - 4*r + 15 = 5*v, -2*v = 3*r - 15. Let p(k) = -28*k + 10. Let m be p(r). Let q = -59 - m. List the prime factors of q.
71
Let a(y) = -120*y - 147. List the prime factors of a(-50).
3, 1951
Let i = -57943 - -134565. What are the prime factors of i?
2, 7, 13, 421
Let t(q) = -1097*q + 785. List the prime factors of t(-18).
7, 419
Suppose 3*u - 41332 = 2*s, -s + 4*s + 27563 = 2*u. List the prime factors of u.
2, 71, 97
Let n(x) = 14*x - 18. Suppose 34 = -5*q + 4. Let r(f) = -4*f - 16. Let w be r(q). List the prime factors of n(w).
2, 47
Let g = -11 + -134. Let n be ((-5)/((-15)/(-12)))/(1/17). Let k = n - g. What are the prime factors of k?
7, 11
Let h = -119 - -123. Suppose -3*u - h*b + 475 = -0*u, 5*u - 790 = -5*b. List the prime factors of u.
157
Let j(w) = -w + 2. Let o(y) = -y**3 - 2*y**2 + 13. Let a(b) = 6*j(b) - 2*o(b). What are the prime factors of a(6)?
2, 263
Suppose -k + o = -270, 0 = -k + 2*o - 0*o + 266. Suppose 0*v - k = v. What are the prime factors of 5/(-30)*3*v?
137
List the prime factors of (-2 - -2 - 1)/(33/(-9172020)*10).
2, 13, 1069
Let n be (-104)/28 + (-2)/7 + 2564. Suppose -d = 2*d - 2*m - n, -5*d - 5*m = -4250. What are the prime factors of 4/6*d/8?
71
Let d be (7 - 8)*3/((-3)/(-4)). Let c be (-11)/(-11) - d/(-1) - -7. Suppose 0 = -4*h - 3*l + 191, -15 = 2*h + c*l - 113. What are the prime factors of h?
47
Suppose 2*p + 3*p + 2210 = 0. Suppose -24*w - 2157 = -27*w. Let i = w + p. List the prime factors of i.
277
Let y be (-350)/8 + (-1 - (-9)/12). Let c = y + 598. What are the prime factors of c?
2, 277
Suppose 0 = 5*c - 3*c - 3*d - 28319, 6*c = -2*d + 84924. What are the prime factors of c?
5, 19, 149
Suppose -4*i = 4, -11*i + 81243 = 4*m - 10*i. What are the prime factors of m?
19, 1069
Let b(f) = -13716*f - 607. List the prime factors of b(-2).
5, 29, 37
Suppose 4*k = -67 + 35. Let u(j) = -12*j**3 - 2*j**2 - 3*j - 3. Let q be u(-2). Let w = k + q. List the prime factors of w.
83
Suppose -3*c + 6013 = 5*o, 2*c - 4034 = -0*o + 3*o. List the prime factors of c.
2011
Suppose 110 = d + 3*g, -g - 360 = -3*d - 4*g. Let x = -492 + 470. Let t = d - x. What are the prime factors of t?
3, 7
Suppose 313*b - 6223600 - 40893425 = -362*b. List the prime factors of b.
29, 83
Suppose 5*b = -2*j + 3456 + 1536, 0 = b + 5*j - 1003. Suppose -6*r - 8 = -b. Suppose 2*z - 4*v + v - r = 0, v + 3 = 0. List the prime factors of z.
2, 3, 13
Let x = 266 - 263. Suppose -4*q + 2*v = -0*q - 114, 0 = -x*q - v + 98. What are the prime factors of q?
31
Let a be (12/10)/(1 - (-78)/(-90)). Suppose 428 = a*u + 77. List the prime factors of (223/4)/(u/12 + -3).
223
Suppose 9930 = 5*f - 5*c, -4*c - 6093 = -3*f - 131. Let z = -1189 + f. What are the prime factors of z?
13, 61
Let x(u) = 751*u - 2792. What are the prime factors of x(17)?
3, 5, 7, 19
Let h = -65 - -62. Let k be h/((-3)/(-1)) + 4. List the prime factors of 11/k + (-20)/30.
3
Suppose -9*q + 41219 = -8*q + 4*a, -3*q + 3*a = -123612. What are the prime factors of q?
89, 463
Let d be (-6)/(-27) - ((-33)/(-27) - 3). Let t(w) = 164*w**2 + 6*w - 2. Let s be t(d). Let y = s + -470. List the prime factors of y.
2, 7
Suppose -7*i = -1713 - 422. Let p = i + -299. List the prime factors of p.
2, 3
Let q = 87 - 85. Let u be (0 + 1 - 1)/q. Suppose -v + 5*c + 81 = u, 155 = 3*v - v - 3*c. What are the prime factors of v?
2, 19
Suppose q + 1430 - 6763 = -2*h, -6 = 2*q. What are the prime factors of h?
2, 23, 29
Suppose -4*d = -3*o - 12500 - 17627, d = o + 7531. What are the prime factors of d?
2, 3767
Suppose -21*r + 10*r = -495. Suppose 0 = -5*h + r + 135. Let w = 59 - h. What are the prime factors of w?
23
Let n = -105 + 110. Suppose 3*l - l = -5*q + 578, -1475 = -n*l - 5*q. What are the prime factors of l?
13, 23
Let q(x) be the second derivative of x**3 - 21*x**2 + 40*x. Let v be q(7). Suppose 4*l - 279 + 31 = v. List the prime factors of l.
2, 31
Let p(l) = -2*l - 11. Let h be p(-8). Suppose -62 = -3*r + i, 0*i = -h*r - 3*i + 94. Suppose 18*o = r*o - 322. List the prime factors of o.
7, 23
Let w(h) = 679*h**3 - 2*h + 1. Let g(y) = y**3 + 13*y**2 + 24*y + 5. Let m be g(-2). List the prime factors of w(m).
2, 3, 113
Let o(l) = -9*l**3 - 6*l**2 + 6*l - 14. Let x be o(7). Let y = -1971 - x. What are the prime factors of y?
2, 691
Suppose 4004 = 2*l + 2*r, 50 = -2*r + 42. What are the prime factors of l?
2, 17, 59
Suppose 0*f - u + 711 = -f, -3*f - u = 2153. Let h = f - -1127. List the prime factors of h.
3, 137
Let u(p) = 2*p**2 + 18*p - 18. Let m be u(-9). Let f be 10/3*27/m. What are the prime factors of 10/f + 6*21?
2, 31
Let t(v) = 2*v**3 - 2*v**2 - 4*v + 5. Let w be t(2). Suppose -3*o + 2976 = 3*b, 17 = -3*b + w. What are the prime factors of o?
2, 3, 83
Let r(x) = 71 - 3*x**2 + 16*x + 5*x**2 - 40. What are the prime factors of r(-9)?
7
Let d be (-2)/30*18*10/(-6). Suppose 0 = 2*f - 5*j - 983, -7*j + 933 = d*f - 2*j. What are the prime factors of f?
479
Suppose -5*o - 999 = 2*k + 12259, -3*o = k + 7955. What are the prime factors of 21/(5 - o/(-534))?
7, 89
Suppose 4*v = 4*z - 2752, 5*z - 91*v - 3441 = -87*v. What are the prime factors of z?
13, 53
Let r(p) = 2*p**2 + 36*p - 4. Let u be r(-22). Suppose 2*m = 2*z + 89 + 215, m + 4*z = u. What are the prime factors of m?
2, 3, 13
Let b = -50 - -73. Suppose 0 = -5*z + b*z - 11700. List the prime factors of z.
2, 5, 13
Let d(v) = v**2 - 8*v - 6. Let g be d(9). Suppose g*s - 436 = -145. Suppose 0 = 5*t - m - m - s, -4*t = -5*m - 81. List the prime factors of t.
19
Let c = -354 - -360. Let v(w) = 99*w + 32. What are the prime factors of v(c)?
2, 313
Let i be (-15)/600*-16 - 16366/(-10). What are the prime factors of 3 + (i - -4)/3?
2, 5, 11
Suppose -5*m - 3*k = -35, -9*m - 12 = -7*m - 4*k. Suppose 1 = x, -j + 6*x - m*x + 1539 = 0. What are the prime factors of j?
23, 67
Let d(f) = f**2 + 4*f + 2. Suppose -2*r + 2*j = -0*r, -3*r - 3*j = 30. Let a be d(r). Suppose 0 = -a*o + 240 + 47. List the prime factors of o.
41
Let s(t) = 42*t - 130. Let m be s(-5). List the prime factors of (-5)/m*8 - (-21095)/17.
17, 73
Suppose -5*x - h + 2*h = -22, 4 = -x - 4*h. Let j(u) = 31*u - 4. Let g be j(x). Let v = g + -37. What are the prime factors of v?
83
Let b(t) = t**3 + 70*t**2 - 21*t - 1454. What are the prime factors of b(-69)?
2, 29, 41
What are the prime factors of -6*(-20)/96 - (-4)/(48/137949)?
11497
List the prime factors of (-180)/(-12) + -19 + 28630.
2, 3, 13, 367
Let b(t) = -960*t - 6007. List the prime factors of b(-60).
51593
Let c = 527 + 58. Let n = c - -416. What are the prime factors of n?
7, 11, 13
Let j(a) = 9*a**2 + 13*a + 188. What are the prime factors of j(-44)?
2, 3, 5, 71
Let f be ((-28)/(-8) + -3)*0. Let m(u) = u**3 - u**2 - 15. Let x be m(f). Let t = 72 + x. List the prime factors of t.
3, 19
Let w = 26313 + -10931. What are the prime factors of w?
2, 7691
Let b be 91/(-21) - -3 - 3764/(-6). Suppose b = 2*z + 4*k, -4*k